{"id":2566,"date":"2024-08-28T07:54:15","date_gmt":"2024-08-28T07:54:15","guid":{"rendered":"https:\/\/belliskozmetika.com\/?page_id=2566"},"modified":"2025-10-08T20:10:31","modified_gmt":"2025-10-08T20:10:31","slug":"ionizacios","status":"publish","type":"page","link":"https:\/\/belliskozmetika.com\/index.php\/ionizacios\/","title":{"rendered":"Ioniz\u00e1ci\u00f3s"},"content":{"rendered":"\t\t<div data-elementor-type=\"wp-page\" data-elementor-id=\"2566\" class=\"elementor elementor-2566\">\n\t\t\t\t\t\t\t\t\t<section class=\"elementor-section elementor-top-section elementor-element elementor-element-8338eba elementor-section-boxed elementor-section-height-default elementor-section-height-default\" data-id=\"8338eba\" data-element_type=\"section\" data-settings=\"{&quot;background_background&quot;:&quot;classic&quot;}\">\n\t\t\t\t\t\t<div class=\"elementor-container elementor-column-gap-no\">\n\t\t\t\t\t<div class=\"elementor-column elementor-col-100 elementor-top-column elementor-element elementor-element-0537fad\" data-id=\"0537fad\" data-element_type=\"column\">\n\t\t\t<div class=\"elementor-widget-wrap elementor-element-populated\">\n\t\t\t\t\t\t\t\t<div class=\"elementor-element elementor-element-b090d03 elementor-widget elementor-widget-heading\" data-id=\"b090d03\" data-element_type=\"widget\" data-widget_type=\"heading.default\">\n\t\t\t\t<div class=\"elementor-widget-container\">\n\t\t\t<style>\/*! elementor - v3.8.1 - 13-11-2022 *\/\n.elementor-heading-title{padding:0;margin:0;line-height:1}.elementor-widget-heading .elementor-heading-title[class*=elementor-size-]>a{color:inherit;font-size:inherit;line-height:inherit}.elementor-widget-heading .elementor-heading-title.elementor-size-small{font-size:15px}.elementor-widget-heading .elementor-heading-title.elementor-size-medium{font-size:19px}.elementor-widget-heading .elementor-heading-title.elementor-size-large{font-size:29px}.elementor-widget-heading .elementor-heading-title.elementor-size-xl{font-size:39px}.elementor-widget-heading .elementor-heading-title.elementor-size-xxl{font-size:59px}<\/style><h6 class=\"elementor-heading-title elementor-size-default\"><span style=\"font-style: inherit; font-weight: inherit; color: var( --e-global-color-astglobalcolor1 ); background-color: var( --e-global-color-astglobalcolor5 );\">B\u0151rfiatal\u00edt\u00e1s  plasztikai beavatkoz\u00e1s n\u00e9lk\u00fcl!<\/span><\/h6>\t\t<\/div>\n\t\t\t\t<\/div>\n\t\t\t\t<div class=\"elementor-element elementor-element-003b824 elementor-widget elementor-widget-heading\" data-id=\"003b824\" data-element_type=\"widget\" data-widget_type=\"heading.default\">\n\t\t\t\t<div class=\"elementor-widget-container\">\n\t\t\t<h2 class=\"elementor-heading-title elementor-size-default\"><span style=\"font-style: inherit; font-weight: inherit; color: var(--ast-global-color-2); background-color: var( --e-global-color-astglobalcolor5 );\">Termikus Ioniz\u00e1ci\u00f3s kezel\u00e9s<\/span><\/h2>\t\t<\/div>\n\t\t\t\t<\/div>\n\t\t\t\t<div class=\"elementor-element elementor-element-fac5dd2 elementor-widget elementor-widget-text-editor\" data-id=\"fac5dd2\" data-element_type=\"widget\" data-widget_type=\"text-editor.default\">\n\t\t\t\t<div class=\"elementor-widget-container\">\n\t\t\t<style>\/*! elementor - v3.8.1 - 13-11-2022 *\/\n.elementor-widget-text-editor.elementor-drop-cap-view-stacked .elementor-drop-cap{background-color:#818a91;color:#fff}.elementor-widget-text-editor.elementor-drop-cap-view-framed .elementor-drop-cap{color:#818a91;border:3px solid;background-color:transparent}.elementor-widget-text-editor:not(.elementor-drop-cap-view-default) .elementor-drop-cap{margin-top:8px}.elementor-widget-text-editor:not(.elementor-drop-cap-view-default) .elementor-drop-cap-letter{width:1em;height:1em}.elementor-widget-text-editor .elementor-drop-cap{float:left;text-align:center;line-height:1;font-size:50px}.elementor-widget-text-editor .elementor-drop-cap-letter{display:inline-block}<\/style>\t\t\t\t<p><span style=\"white-space-collapse: preserve;\" data-tt=\"{&quot;paragraphStyle&quot;:{&quot;alignment&quot;:4,&quot;writingDirection&quot;:1}}\"><img decoding=\"async\" class=\"alignnone size-full wp-image-2576\" src=\"http:\/\/belliskozmetika.com\/wp-content\/uploads\/2024\/08\/IMG_0789-1.heic\" alt=\"\">A termikus ioniz\u00e1ci\u00f3 egy non invaz\u00edv elj\u00e1r\u00e1s, melynek sor\u00e1n nem alkalmazunk t\u0171t, szik\u00e9t \u00e9s nem juttatunk idegen anyagokat a b\u0151r al\u00e1. A kezel\u00e9s c\u00e9lja a b\u0151r fiatal\u00edt\u00e1sa, feszes\u00edt\u00e9se plasztikai beavatkoz\u00e1s n\u00e9lk\u00fcl.<br><\/span><\/p>\n<p><span style=\"white-space-collapse: preserve; font-style: inherit; font-weight: inherit; background-color: var( --e-global-color-astglobalcolor5 ); color: var(--ast-global-color-3); font-family: var( --e-global-typography-secondary-font-family ), Sans-serif;\">Kimagasl\u00f3 eredm\u00e9nnyel kezeli a petyh\u00fcdt b\u0151rt, megereszkedett fels\u0151 szemh\u00e9jat, radik\u00e1lis a r\u00e1ncsim\u00edt\u00e1sban.<\/span><\/p>\n<p><span style=\"font-weight: bold; white-space-collapse: preserve; font-style: inherit; background-color: var( --e-global-color-astglobalcolor5 ); color: var(--ast-global-color-3); font-family: var( --e-global-typography-secondary-font-family ), Sans-serif;\">Milyen ter\u00fcleteken\/probl\u00e9m\u00e1k eset\u00e9ben alkalmazhat\u00f3?<\/span><\/p>\n<ul>\n<li>\n<p><span style=\"white-space-collapse: preserve;\" data-tt=\"{&quot;paragraphStyle&quot;:{&quot;alignment&quot;:4,&quot;style&quot;:100,&quot;writingDirection&quot;:1}}\"> megereszkedett, petyh\u00fcdt szemh\u00e9j<br><\/span><\/p>\n<\/li>\n<li>\n<p><span style=\"white-space-collapse: preserve;\" data-tt=\"{&quot;paragraphStyle&quot;:{&quot;alignment&quot;:4,&quot;style&quot;:100,&quot;writingDirection&quot;:1}}\"> szarkal\u00e1bak, ajak, homlok, f\u00fcl el\u0151tti r\u00e1ncok<br><\/span><\/p>\n<\/li>\n<li>\n<p><span style=\"white-space-collapse: preserve;\" data-tt=\"{&quot;paragraphStyle&quot;:{&quot;alignment&quot;:4,&quot;style&quot;:100,&quot;writingDirection&quot;:1}}\"> toka, nyak, dekolt\u00e1zs feszes\u00edt\u00e9s<br><\/span><\/p>\n<\/li>\n<li>\n<p><span style=\"white-space-collapse: preserve;\" data-tt=\"{&quot;paragraphStyle&quot;:{&quot;alignment&quot;:4,&quot;style&quot;:100,&quot;writingDirection&quot;:1}}\"> teljes arclifting<\/span><\/p>\n<\/li>\n<\/ul>\n<div>\n<p><span style=\"font-weight: bold; white-space-collapse: preserve;\" data-tt=\"{&quot;paragraphStyle&quot;:{&quot;alignment&quot;:4,&quot;style&quot;:1,&quot;writingDirection&quot;:1},&quot;fontHints&quot;:1}\"><br><\/span><\/p>\n<p><span style=\"font-weight: bold; white-space-collapse: preserve;\" data-tt=\"{&quot;paragraphStyle&quot;:{&quot;alignment&quot;:4,&quot;style&quot;:1,&quot;writingDirection&quot;:1},&quot;fontHints&quot;:1}\">Hard kezel\u00e9s: <\/span><span style=\"white-space-collapse: preserve; font-style: inherit; font-weight: inherit; background-color: var( --e-global-color-astglobalcolor5 ); color: var(--ast-global-color-3); font-family: var( --e-global-typography-secondary-font-family ), Sans-serif;\">1 alkalmas kezel\u00e9s, hat\u00e9kony \u00e9s gyors megold\u00e1s, 5-7 nap regener\u00e1l\u00f3d\u00e1si id\u0151<\/span><\/p>\n<p><span style=\"font-weight: bold; white-space-collapse: preserve;\" data-tt=\"{&quot;paragraphStyle&quot;:{&quot;alignment&quot;:4,&quot;style&quot;:1,&quot;writingDirection&quot;:1},&quot;fontHints&quot;:1}\">Soft kezel\u00e9s: <\/span><span style=\"white-space-collapse: preserve; font-style: inherit; font-weight: inherit; background-color: var( --e-global-color-astglobalcolor5 ); color: var(--ast-global-color-3); font-family: var( --e-global-typography-secondary-font-family ), Sans-serif;\">El\u0151nye, hogy nem kell fel\u00e9p\u00fcl\u00e9si id\u0151vel sz\u00e1molni. K\u00faraszer\u0171 alkalmaz\u00e1sa javasolt 3-6 kezel\u00e9s.<\/span><\/p>\n<p><span style=\"white-space-collapse: preserve; font-style: inherit; font-weight: inherit; background-color: var( --e-global-color-astglobalcolor5 ); color: var(--ast-global-color-3); font-family: var( --e-global-typography-secondary-font-family ), Sans-serif;\">&nbsp;<\/span><\/p>\n<\/div>\n<div>\n<p><span style=\"font-weight: bold; white-space-collapse: preserve;\" data-tt=\"{&quot;paragraphStyle&quot;:{&quot;alignment&quot;:4,&quot;style&quot;:1,&quot;writingDirection&quot;:1},&quot;fontHints&quot;:1}\">Hard kezel\u00e9s eset\u00e9ben meddig tart a kezelt ter\u00fclet regener\u00e1l\u00f3d\u00e1sa? <\/span><\/p>\n<p><span style=\"white-space-collapse: preserve;\" data-tt=\"{&quot;paragraphStyle&quot;:{&quot;alignment&quot;:4,&quot;writingDirection&quot;:1}}\">Term\u00e9szetes gy\u00f3gyul\u00e1si reakci\u00f3k\u00e9nt el\u0151fordul, hogy az \u00e9rz\u00e9kenyebb kezelt ter\u00fclet 4-5 napig duzzadt lesz (csak szemh\u00e9j eset\u00e9ben jelentkezik). A kezel\u00e9s sor\u00e1n keletkezett apr\u00f3 kis\u00fcl\u00e9sek helyei p\u00f6rk\u00f6s\u00f6dnek \u00e9s 7 nap alatt lev\u00e1lnak a b\u0151rr\u0151l hegesed\u00e9s n\u00e9lk\u00fcl. A p\u00f6rk\u00f6k lev\u00e1l\u00e1sa ut\u00e1n m\u00e1r sminkelhet\u0151 a ter\u00fclet. <\/span><\/p>\n<p><span style=\"white-space-collapse: preserve;\" data-tt=\"{&quot;paragraphStyle&quot;:{&quot;alignment&quot;:4,&quot;writingDirection&quot;:1}}\">A gy\u00f3gyul\u00e1si folyamat sor\u00e1n nem jelentkezik f\u00e1jdalom\u00e9rzet. Minimum 3 h\u00f3napig k\u00edm\u00e9lni kell a ter\u00fcletet a nap \u00e9s szol\u00e1rium k\u00e1ros sugarait\u00f3l. (50 faktoros f\u00e9nyv\u00e9d\u0151 rendszeres haszn\u00e1lata a kezelt ter\u00fcleten k\u00f6telez\u0151, szol\u00e1rium haszn\u00e1lata sor\u00e1n letakarni a kezelt fel\u00fcletet!) <\/span><\/p>\n<p><span style=\"font-weight: bold; white-space-collapse: preserve;\" data-tt=\"{&quot;paragraphStyle&quot;:{&quot;alignment&quot;:4,&quot;style&quot;:1,&quot;writingDirection&quot;:1},&quot;fontHints&quot;:1}\">Soft kezel\u00e9s eset\u00e9ben meddig tart a kezelt ter\u00fclet regener\u00e1l\u00f3d\u00e1sa? <\/span><\/p>\n<p><span style=\"white-space-collapse: preserve;\" data-tt=\"{&quot;paragraphStyle&quot;:{&quot;alignment&quot;:4,&quot;writingDirection&quot;:1}}\">A kezel\u00e9st k\u00f6vet\u0151en az adott ter\u00fcleten b\u0151rp\u00edr keletkezik, amit enyhe \u00e9g\u0151, h\u00faz\u00f3d\u00f3 \u00e9rz\u00e9s k\u00eds\u00e9rhet, ami az elj\u00e1r\u00e1s ut\u00e1n 24-48 \u00f3r\u00e1n bel\u00fcl m\u00e9rs\u00e9kl\u0151dik, elt\u0171nik. Minimum 2 h\u00f3napig k\u00edm\u00e9lni kell a ter\u00fcletet a nap \u00e9s szol\u00e1rium k\u00e1ros sugarait\u00f3l. (50 faktoros f\u00e9nyv\u00e9d\u0151 haszn\u00e1lata a kezelt ter\u00fcleten k\u00f6telez\u0151, szol\u00e1rium haszn\u00e1lata sor\u00e1n letakarni a kezelt fel\u00fcletet!) M\u00e1snap m\u00e1r sminkelhet\u0151 a ter\u00fclet.<\/span><\/p>\n<p><span style=\"white-space-collapse: preserve;\" data-tt=\"{&quot;paragraphStyle&quot;:{&quot;alignment&quot;:4,&quot;writingDirection&quot;:1}}\"><br><\/span><\/p>\n<p><\/p>\n<\/div>\t\t\t\t\t\t<\/div>\n\t\t\t\t<\/div>\n\t\t\t\t\t<\/div>\n\t\t<\/div>\n\t\t\t\t\t\t\t<\/div>\n\t\t<\/section>\n\t\t\t\t<section class=\"elementor-section elementor-top-section elementor-element elementor-element-1cbb5be elementor-section-boxed elementor-section-height-default elementor-section-height-default\" data-id=\"1cbb5be\" data-element_type=\"section\">\n\t\t\t\t\t\t<div class=\"elementor-container elementor-column-gap-default\">\n\t\t\t\t\t<div class=\"elementor-column elementor-col-100 elementor-top-column elementor-element elementor-element-a6b558c\" data-id=\"a6b558c\" data-element_type=\"column\">\n\t\t\t<div class=\"elementor-widget-wrap elementor-element-populated\">\n\t\t\t\t\t\t\t\t<div class=\"elementor-element elementor-element-960ce85 elementor-widget elementor-widget-heading\" data-id=\"960ce85\" data-element_type=\"widget\" data-widget_type=\"heading.default\">\n\t\t\t\t<div class=\"elementor-widget-container\">\n\t\t\t<h3 class=\"elementor-heading-title elementor-size-default\">EL\u00c9RHET\u0150S\u00c9GEIM<\/h3>\t\t<\/div>\n\t\t\t\t<\/div>\n\t\t\t\t<section class=\"elementor-section elementor-inner-section elementor-element elementor-element-81c6736 elementor-section-boxed elementor-section-height-default elementor-section-height-default\" data-id=\"81c6736\" data-element_type=\"section\" data-settings=\"{&quot;background_background&quot;:&quot;classic&quot;}\">\n\t\t\t\t\t\t<div class=\"elementor-container elementor-column-gap-no\">\n\t\t\t\t\t<div class=\"elementor-column elementor-col-25 elementor-inner-column elementor-element elementor-element-484accb\" data-id=\"484accb\" data-element_type=\"column\">\n\t\t\t<div class=\"elementor-widget-wrap elementor-element-populated\">\n\t\t\t\t\t\t\t\t<div class=\"elementor-element elementor-element-51f0873 elementor-view-stacked elementor-shape-circle elementor-widget elementor-widget-icon\" data-id=\"51f0873\" data-element_type=\"widget\" data-widget_type=\"icon.default\">\n\t\t\t\t<div class=\"elementor-widget-container\">\n\t\t\t\t\t<div class=\"elementor-icon-wrapper\">\n\t\t\t<div class=\"elementor-icon\">\n\t\t\t<i aria-hidden=\"true\" class=\"fas fa-mobile-alt\"><\/i>\t\t\t<\/div>\n\t\t<\/div>\n\t\t\t\t<\/div>\n\t\t\t\t<\/div>\n\t\t\t\t<div class=\"elementor-element elementor-element-21cbc67 elementor-widget elementor-widget-text-editor\" data-id=\"21cbc67\" data-element_type=\"widget\" data-widget_type=\"text-editor.default\">\n\t\t\t\t<div class=\"elementor-widget-container\">\n\t\t\t\t\t\t\t<p>TELEFON<\/p>\t\t\t\t\t\t<\/div>\n\t\t\t\t<\/div>\n\t\t\t\t<div class=\"elementor-element elementor-element-80fd89e elementor-widget elementor-widget-text-editor\" data-id=\"80fd89e\" data-element_type=\"widget\" data-widget_type=\"text-editor.default\">\n\t\t\t\t<div class=\"elementor-widget-container\">\n\t\t\t\t\t\t\t<p>+36 70 366 60 17<\/p>\t\t\t\t\t\t<\/div>\n\t\t\t\t<\/div>\n\t\t\t\t\t<\/div>\n\t\t<\/div>\n\t\t\t\t<div class=\"elementor-column elementor-col-25 elementor-inner-column elementor-element elementor-element-20cd150\" data-id=\"20cd150\" data-element_type=\"column\">\n\t\t\t<div class=\"elementor-widget-wrap elementor-element-populated\">\n\t\t\t\t\t\t\t\t<div class=\"elementor-element elementor-element-8239e84 elementor-view-stacked elementor-shape-circle elementor-widget elementor-widget-icon\" data-id=\"8239e84\" data-element_type=\"widget\" data-widget_type=\"icon.default\">\n\t\t\t\t<div class=\"elementor-widget-container\">\n\t\t\t\t\t<div class=\"elementor-icon-wrapper\">\n\t\t\t<div class=\"elementor-icon\">\n\t\t\t<i aria-hidden=\"true\" class=\"fas fa-envelope\"><\/i>\t\t\t<\/div>\n\t\t<\/div>\n\t\t\t\t<\/div>\n\t\t\t\t<\/div>\n\t\t\t\t<div class=\"elementor-element elementor-element-c064f8c elementor-widget elementor-widget-text-editor\" data-id=\"c064f8c\" data-element_type=\"widget\" data-widget_type=\"text-editor.default\">\n\t\t\t\t<div class=\"elementor-widget-container\">\n\t\t\t\t\t\t\t<p>E-MAIL<\/p>\t\t\t\t\t\t<\/div>\n\t\t\t\t<\/div>\n\t\t\t\t<div class=\"elementor-element elementor-element-c0a4b90 elementor-widget elementor-widget-text-editor\" data-id=\"c0a4b90\" data-element_type=\"widget\" data-widget_type=\"text-editor.default\">\n\t\t\t\t<div class=\"elementor-widget-container\">\n\t\t\t\t\t\t\t<p>simontandrea@gmail.com<\/p>\t\t\t\t\t\t<\/div>\n\t\t\t\t<\/div>\n\t\t\t\t\t<\/div>\n\t\t<\/div>\n\t\t\t\t<div class=\"elementor-column elementor-col-25 elementor-inner-column elementor-element elementor-element-6297eec\" data-id=\"6297eec\" data-element_type=\"column\">\n\t\t\t<div class=\"elementor-widget-wrap elementor-element-populated\">\n\t\t\t\t\t\t\t\t<div class=\"elementor-element elementor-element-c604acc elementor-view-stacked elementor-shape-circle elementor-widget elementor-widget-icon\" data-id=\"c604acc\" data-element_type=\"widget\" data-widget_type=\"icon.default\">\n\t\t\t\t<div class=\"elementor-widget-container\">\n\t\t\t\t\t<div class=\"elementor-icon-wrapper\">\n\t\t\t<div class=\"elementor-icon\">\n\t\t\t<i aria-hidden=\"true\" class=\"fas fa-map-marker-alt\"><\/i>\t\t\t<\/div>\n\t\t<\/div>\n\t\t\t\t<\/div>\n\t\t\t\t<\/div>\n\t\t\t\t<div class=\"elementor-element elementor-element-65625d8 elementor-widget elementor-widget-text-editor\" data-id=\"65625d8\" data-element_type=\"widget\" data-widget_type=\"text-editor.default\">\n\t\t\t\t<div class=\"elementor-widget-container\">\n\t\t\t\t\t\t\t<p>C\u00cdM<\/p>\t\t\t\t\t\t<\/div>\n\t\t\t\t<\/div>\n\t\t\t\t<div class=\"elementor-element elementor-element-c4a034c elementor-widget elementor-widget-text-editor\" data-id=\"c4a034c\" data-element_type=\"widget\" data-widget_type=\"text-editor.default\">\n\t\t\t\t<div class=\"elementor-widget-container\">\n\t\t\t\t\t\t\t<p>Duna\u00fajv\u00e1ros<br \/>Sz\u00f3r\u00e1d M\u00e1rton \u00fat 16.<br \/>104. kapucseng\u0151<\/p>\t\t\t\t\t\t<\/div>\n\t\t\t\t<\/div>\n\t\t\t\t\t<\/div>\n\t\t<\/div>\n\t\t\t\t<div class=\"elementor-column elementor-col-25 elementor-inner-column elementor-element elementor-element-44e881c\" data-id=\"44e881c\" data-element_type=\"column\">\n\t\t\t<div class=\"elementor-widget-wrap elementor-element-populated\">\n\t\t\t\t\t\t\t\t<div class=\"elementor-element elementor-element-2bbec55 elementor-view-stacked elementor-shape-circle elementor-widget elementor-widget-icon\" data-id=\"2bbec55\" data-element_type=\"widget\" data-widget_type=\"icon.default\">\n\t\t\t\t<div class=\"elementor-widget-container\">\n\t\t\t\t\t<div class=\"elementor-icon-wrapper\">\n\t\t\t<div class=\"elementor-icon\">\n\t\t\t<i aria-hidden=\"true\" class=\"fas fa-home\"><\/i>\t\t\t<\/div>\n\t\t<\/div>\n\t\t\t\t<\/div>\n\t\t\t\t<\/div>\n\t\t\t\t<div class=\"elementor-element elementor-element-3145acb elementor-widget elementor-widget-text-editor\" data-id=\"3145acb\" data-element_type=\"widget\" data-widget_type=\"text-editor.default\">\n\t\t\t\t<div class=\"elementor-widget-container\">\n\t\t\t\t\t\t\t<p>NYITVATART\u00c1S<\/p>\t\t\t\t\t\t<\/div>\n\t\t\t\t<\/div>\n\t\t\t\t<div class=\"elementor-element elementor-element-2aac586 elementor-widget elementor-widget-text-editor\" data-id=\"2aac586\" data-element_type=\"widget\" data-widget_type=\"text-editor.default\">\n\t\t\t\t<div class=\"elementor-widget-container\">\n\t\t\t\t\t\t\t<p>El\u0151re egyeztetett id\u0151pontban\u00a0<\/p>\t\t\t\t\t\t<\/div>\n\t\t\t\t<\/div>\n\t\t\t\t\t<\/div>\n\t\t<\/div>\n\t\t\t\t\t\t\t<\/div>\n\t\t<\/section>\n\t\t\t\t\t<\/div>\n\t\t<\/div>\n\t\t\t\t\t\t\t<\/div>\n\t\t<\/section>\n\t\t\t\t\t\t\t<\/div>\n\t\t","protected":false},"excerpt":{"rendered":"<p>B\u0151rfiatal\u00edt\u00e1s plasztikai beavatkoz\u00e1s n\u00e9lk\u00fcl! Termikus Ioniz\u00e1ci\u00f3s kezel\u00e9s A termikus ioniz\u00e1ci\u00f3 egy non invaz\u00edv elj\u00e1r\u00e1s, melynek sor\u00e1n nem alkalmazunk t\u0171t, szik\u00e9t \u00e9s nem juttatunk idegen anyagokat a b\u0151r al\u00e1. A kezel\u00e9s c\u00e9lja a b\u0151r fiatal\u00edt\u00e1sa, feszes\u00edt\u00e9se plasztikai beavatkoz\u00e1s n\u00e9lk\u00fcl. Kimagasl\u00f3 eredm\u00e9nnyel kezeli a petyh\u00fcdt b\u0151rt, megereszkedett fels\u0151 szemh\u00e9jat, radik\u00e1lis a r\u00e1ncsim\u00edt\u00e1sban. Milyen ter\u00fcleteken\/probl\u00e9m\u00e1k eset\u00e9ben alkalmazhat\u00f3? megereszkedett, &hellip;<\/p>\n<p class=\"read-more\"> <a class=\"\" href=\"https:\/\/belliskozmetika.com\/index.php\/ionizacios\/\"> <span class=\"screen-reader-text\">Ioniz\u00e1ci\u00f3s<\/span> Read More &raquo;<\/a><\/p>\n","protected":false},"author":1,"featured_media":0,"parent":0,"menu_order":0,"comment_status":"closed","ping_status":"closed","template":"","meta":{"om_disable_all_campaigns":false,"_mi_skip_tracking":false,"site-sidebar-layout":"no-sidebar","site-content-layout":"page-builder","ast-global-header-display":"","ast-main-header-display":"","ast-hfb-above-header-display":"","ast-hfb-below-header-display":"","ast-hfb-mobile-header-display":"","site-post-title":"disabled","ast-breadcrumbs-content":"disabled","ast-featured-img":"disabled","footer-sml-layout":"","theme-transparent-header-meta":"enabled","adv-header-id-meta":"","stick-header-meta":"","header-above-stick-meta":"","header-main-stick-meta":"","header-below-stick-meta":""},"aioseo_notices":[],"_links":{"self":[{"href":"https:\/\/belliskozmetika.com\/index.php\/wp-json\/wp\/v2\/pages\/2566"}],"collection":[{"href":"https:\/\/belliskozmetika.com\/index.php\/wp-json\/wp\/v2\/pages"}],"about":[{"href":"https:\/\/belliskozmetika.com\/index.php\/wp-json\/wp\/v2\/types\/page"}],"author":[{"embeddable":true,"href":"https:\/\/belliskozmetika.com\/index.php\/wp-json\/wp\/v2\/users\/1"}],"replies":[{"embeddable":true,"href":"https:\/\/belliskozmetika.com\/index.php\/wp-json\/wp\/v2\/comments?post=2566"}],"version-history":[{"count":13,"href":"https:\/\/belliskozmetika.com\/index.php\/wp-json\/wp\/v2\/pages\/2566\/revisions"}],"predecessor-version":[{"id":2699,"href":"https:\/\/belliskozmetika.com\/index.php\/wp-json\/wp\/v2\/pages\/2566\/revisions\/2699"}],"wp:attachment":[{"href":"https:\/\/belliskozmetika.com\/index.php\/wp-json\/wp\/v2\/media?parent=2566"}],"curies":[{"name":"wp","href":"https:\/\/api.w.org\/{rel}","templated":true}]}}